t of 1471?
4
What is the hundreds digit of 1113?
1
What is the tens digit of 60536?
3
What is the thousands digit of 3807?
3
What is the thousands digit of 20314?
0
What is the tens digit of 438?
3
What is the thousands digit of 2859?
2
What is the ten thousands digit of 26543?
2
What is the thousands digit of 105659?
5
What is the hundreds digit of 7567?
5
What is the thousands digit of 43331?
3
What is the tens digit of 160953?
5
What is the thousands digit of 86861?
6
What is the thousands digit of 1378?
1
What is the tens digit of 5907?
0
What is the hundreds digit of 621?
6
What is the tens digit of 7107?
0
What is the units digit of 3931?
1
What is the ten thousands digit of 43628?
4
What is the hundreds digit of 1089?
0
What is the units digit of 21?
1
What is the hundreds digit of 41223?
2
What is the hundreds digit of 14245?
2
What is the ten thousands digit of 71299?
7
What is the tens digit of 33?
3
What is the thousands digit of 12924?
2
What is the units digit of 35446?
6
What is the units digit of 14?
4
What is the thousands digit of 13152?
3
What is the thousands digit of 143431?
3
What is the units digit of 39191?
1
What is the units digit of 1517?
7
What is the tens digit of 677?
7
What is the thousands digit of 1242?
1
What is the tens digit of 3242?
4
What is the units digit of 28178?
8
What is the hundreds digit of 350?
3
What is the thousands digit of 155161?
5
What is the units digit of 8814?
4
What is the units digit of 1109?
9
What is the thousands digit of 15380?
5
What is the tens digit of 2764?
6
What is the hundreds digit of 1399?
3
What is the tens digit of 106529?
2
What is the hundreds digit of 10813?
8
What is the tens digit of 6933?
3
What is the units digit of 172525?
5
What is the hundreds digit of 63685?
6
What is the thousands digit of 2659?
2
What is the units digit of 238?
8
What is the tens digit of 1318?
1
What is the hundreds digit of 5807?
8
What is the tens digit of 18533?
3
What is the units digit of 368?
8
What is the thousands digit of 3089?
3
What is the tens digit of 1220?
2
What is the units digit of 365?
5
What is the tens digit of 56777?
7
What is the thousands digit of 9671?
9
What is the units digit of 497?
7
What is the hundreds digit of 33294?
2
What is the units digit of 1572?
2
What is the hundreds digit of 12576?
5
What is the hundreds digit of 1570?
5
What is the hundreds digit of 353?
3
What is the units digit of 124418?
8
What is the thousands digit of 1723?
1
What is the ten thousands digit of 89552?
8
What is the hundred thousands digit of 195963?
1
What is the units digit of 2138?
8
What is the units digit of 2049?
9
What is the tens digit of 66903?
0
What is the ten thousands digit of 41252?
4
What is the hundreds digit of 1101?
1
What is the tens digit of 17492?
9
What is the hundreds digit of 207?
2
What is the tens digit of 1423?
2
What is the hundreds digit of 20081?
0
What is the tens digit of 49?
4
What is the units digit of 42531?
1
What is the hundreds digit of 1378?
3
What is the tens digit of 732?
3
What is the tens digit of 2433?
3
What is the thousands digit of 8842?
8
What is the hundreds digit of 701?
7
What is the ten thousands digit of 141090?
4
What is the tens digit of 58868?
6
What is the hundreds digit of 59134?
1
What is the hundreds digit of 542?
5
What is the ten thousands digit of 27833?
2
What is the thousands digit of 71876?
1
What is the units digit of 13?
3
What is the thousands digit of 1044?
1
What is the ten thousands digit of 127520?
2
What is the hundreds digit of 2833?
8
What is the tens digit of 1588?
8
What is the thousands digit of 11222?
1
What is the units digit of 823?
3
What is the units digit of 12508?
8
What is the thousands digit of 1265?
1
What is the thousands digit of 3310?
3
What is the hundred thousands digit of 200394?
2
What is the hundreds digit of 2543?
5
What is the tens digit of 5933?
3
What is the hundreds digit of 2374?
3
What is the tens digit of 8950?
5
What is the tens digit of 370?
7
What is the units digit of 94060?
0
What is the tens digit of 70588?
8
What is the thousands digit of 1728?
1
What is the hundreds digit of 1067?
0
What is the tens digit of 2596?
9
What is the tens digit of 58871?
7
What is the tens digit of 738?
3
What is the units digit of 563?
3
What is the ten thousands digit of 15700?
1
What is the units digit of 118?
8
What is the tens digit of 6405?
0
What is the hundreds digit of 4614?
6
What is the units digit of 5566?
6
What is the hundreds digit of 78718?
7
What is the ten thousands digit of 141293?
4
What is the hundreds digit of 3182?
1
What is the units digit of 602?
2
What is the ten thousands digit of 70535?
7
What is the hundreds digit of 22638?
6
What is the thousands digit of 179063?
9
What is the hundreds digit of 5470?
4
What is the ten thousands digit of 29191?
2
What is the hundreds digit of 3339?
3
What is the thousands digit of 7229?
7
What is the hundreds digit of 600?
6
What is the thousands digit of 9778?
9
What is the tens digit of 72?
7
What is the thousands digit of 14264?
4
What is the thousands digit of 12389?
2
What is the hundreds digit of 58055?
0
What is the tens digit of 1576?
7
What is the thousands digit of 27150?
7
What is the tens digit of 2601?
0
What is the units digit of 931?
1
What is the thousands digit of 6357?
6
What is the tens digit of 876?
7
What is the thousands digit of 1197?
1
What is the tens digit of 15545?
4
What is the thousands digit of 14954?
4
What is the thousands digit of 16120?
6
What is the units digit of 1318?
8
What is the tens digit of 527?
2
What is the tens digit of 6344?
4
What is the hundreds digit of 897?
8
What is the tens digit of 202?
0
What is the units digit of 98610?
0
What is the units digit of 1588?
8
What is the thousands digit of 8204?
8
What is the tens digit of 413?
1
What is the hundreds digit of 79768?
7
What is the ten thousands digit of 21577?
2
What is the units digit of 7240?
0
What is the tens digit of 3558?
5
What is the tens digit of 3695?
9
What is the hundred thousands digit of 118060?
1
What is the thousands digit of 2462?
2
What is the thousands digit of 5489?
5
What is the tens digit of 3205?
0
What is the tens digit of 7008?
0
What is the hundreds digit of 71283?
2
What is the units digit of 3672?
2
What is the thousands digit of 2542?
2
What is the tens digit of 9895?
9
What is the tens digit of 8461?
6
What is the units digit of 2282?
2
What is the thousands digit of 1647?
1
What is the tens digit of 1361?
6
What is the thousands digit of 14567?
4
What is the tens digit of 13255?
5
What is the thousands digit of 28226?
8
What is the tens digit of 2129?
2
What is the units digit of 371?
1
What is the hundreds digit of 4195?
1
What is the tens digit of 23616?
1
What is the tens digit of 15739?
3
What is the tens digit of 703?
0
What is the units digit of 174?
4
What is the units digit of 64525?
5
What is the ten thousands digit of 40319?
4
What is the units digit of 55?
5
What is the thousands digit of 51200?
1
What is the units digit of 1881?
1
What is the tens digit of 809?
0
What is the thousands digit of 1928?
1
What is the hundreds digit of 12654?
6
What is the tens digit of 4082?
8
What is the units digit of 2500?
0
What is the ten thousands digit of 15981?
1
What is the hundreds digit of 7064?
0
What is the units digit of 149492?
2
What is the tens digit of 5229?
2
What is the tens digit of 101?
0
What is the thousands digit of 8314?
8
What is the tens digit of 50747?
4
What is the thousands digit of 62113?
2
What is the thousands digit of 1548?
1
What is the thousands digit of 4983?
4
What is the thousands digit of 63042?
3
What is the hundreds digit of 1339?
3
What is the thousands digit of 1574?
1
What is the units digit of 3974?
4
What is the units digit of 994?
4
What is the ten thousands digit of 11556?
1
What is the units digit of 82354?
4
What is the tens digit of 119341?
4
What is the thousands digit of 6286?
6
What is the tens digit of 3247?
4
What is the tens digit of 108?
0
What is the tens digit of 1726?
2
What is the hundreds digit of 159?
1
What is the tens digit of 3076?
7
What is the tens digit of 2735?
3
What is the tens digit of 6716?
1
What is the thousands digit of 1057?
1
